{"id":11,"date":"2020-02-06T13:19:03","date_gmt":"2020-02-06T12:19:03","guid":{"rendered":"http:\/\/www.farmshop24.com\/?page_id=11"},"modified":"2022-02-17T18:28:49","modified_gmt":"2022-02-17T17:28:49","slug":"verkaufsstellen","status":"publish","type":"page","link":"https:\/\/gutkappel.de\/?page_id=11","title":{"rendered":"Verkaufsstellen"},"content":{"rendered":"\n<h2 class=\"wp-block-heading\"><strong>Bioladen &#8222;Hannes Bio &amp; Genuss&#8220;<\/strong><\/h2>\n\n\n\n<p>Der Bioladen &#8222;Hannes Bio &amp; Genuss&#8220; in der Bahnhofstra\u00dfe 36 in 34454 Bad Arolsen ist regelm\u00e4\u00dfig von Montag bis Freitag von 9 bis 18 Uhr und Samstag vom 9 bis 13:30 Uhr ge\u00f6ffnet.<\/p>\n\n\n\n<h2 class=\"wp-block-heading\">REWE Bad Arolsen<\/h2>\n\n\n\n<p><\/p>\n\n\n\n<h4 class=\"wp-block-heading\">Hofbesichtigungen und Veranstaltungen<br>momentan nicht buchbar !<\/h4>\n","protected":false},"excerpt":{"rendered":"<p>Bioladen &#8222;Hannes Bio &amp; Genuss&#8220; Der Bioladen &#8222;Hannes Bio &amp; Genuss&#8220; in der Bahnhofstra\u00dfe 36 in 34454 Bad Arolsen ist regelm\u00e4\u00dfig von Montag bis Freitag von 9 bis 18 Uhr und Samstag vom 9&#46;&#46;&#46;<\/p>\n","protected":false},"author":1,"featured_media":0,"parent":0,"menu_order":0,"comment_status":"closed","ping_status":"closed","template":"","meta":{"footnotes":""},"class_list":["post-11","page","type-page","status-publish","hentry"],"_links":{"self":[{"href":"https:\/\/gutkappel.de\/index.php?rest_route=\/wp\/v2\/pages\/11","targetHints":{"allow":["GET"]}}],"collection":[{"href":"https:\/\/gutkappel.de\/index.php?rest_route=\/wp\/v2\/pages"}],"about":[{"href":"https:\/\/gutkappel.de\/index.php?rest_route=\/wp\/v2\/types\/page"}],"author":[{"embeddable":true,"href":"https:\/\/gutkappel.de\/index.php?rest_route=\/wp\/v2\/users\/1"}],"replies":[{"embeddable":true,"href":"https:\/\/gutkappel.de\/index.php?rest_route=%2Fwp%2Fv2%2Fcomments&post=11"}],"version-history":[{"count":7,"href":"https:\/\/gutkappel.de\/index.php?rest_route=\/wp\/v2\/pages\/11\/revisions"}],"predecessor-version":[{"id":373,"href":"https:\/\/gutkappel.de\/index.php?rest_route=\/wp\/v2\/pages\/11\/revisions\/373"}],"wp:attachment":[{"href":"https:\/\/gutkappel.de\/index.php?rest_route=%2Fwp%2Fv2%2Fmedia&parent=11"}],"curies":[{"name":"wp","href":"https:\/\/api.w.org\/{rel}","templated":true}]}}